-8)/(-40)). Suppose -2*z = k - 15, -s*k = -3*k - z - 15. Let l be (1 + -2)/(7/(-315)). What is the highest common divisor of k and l?
15
Suppose -10803*c + 10828*c = 18225. Calculate the greatest common factor of 12879 and c.
243
Suppose -4*a = 2*j - 1362, -10*j + 333 = a - 2*j. What is the highest common divisor of 55 and a?
11
Let h = 22 - 15. Suppose 0 = -3*k + h + 38. Suppose -r - g + 20 = 0, -3*r - k + 71 = 2*g. What is the greatest common factor of r and 32?
16
Let n(d) = 36*d**3 + d**2 + 4*d - 3. Let x be n(2). Let a(u) = u**3 - 55*u**2 + 105*u + 80. Let l be a(53). Calculate the greatest common factor of l and x.
27
Suppose -r - s + 5 = 0, 2*r - 13 = -4*s - 1. Suppose -5*b = -r*m + 27, -2*m - 16*b = -19*b - 15. What is the highest common factor of m and 33?
3
Suppose -3*x = 3*v - 27, -5 = -5*v + 4*x - x. Suppose v*o - 33 = -5. Calculate the highest common factor of 371 and o.
7
Let i = -45274 + 47235. What is the highest common divisor of i and 37?
37
Suppose -17 = -3*t - 2. Suppose -204 = -0*l - t*l + 4*w, 5*w = -l + 35. Let z(g) = -227*g + 912. Let v be z(4). What is the greatest common divisor of v and l?
4
Suppose 2*j - 3*m = 49, -12*m + 63 = 4*j - 11*m. Let u(d) = -d + 0*d + 118*d**2 + 0*d. Let c be u(-1). Calculate the highest common factor of j and c.
17
Let x(i) = 2232*i**2 - 351*i + 705. Let j be x(2). Calculate the highest common divisor of 13 and j.
13
Let v = 56 + -45. Suppose 5*w - 2*l = -408, -236 = -0*w + 3*w + l. Let j be 3298/20 + (-8)/w. What is the greatest common factor of j and v?
11
Let t(o) = -o**2 + 17*o - 25. Let w be t(15). Suppose -2178 = -4*a - w*a. Suppose 7*h + a = 1047. Calculate the greatest common factor of h and 46.
23
Suppose -2*q = 4*g - 1856, 100*q - 103*q = -g - 2756. Calculate the highest common divisor of q and 50.
10
Suppose 4*v - 18*t + 21*t - 93 = 0, -v - 9*t = -81. Calculate the greatest common divisor of 66 and v.
6
Let b(q) = 653*q + 44 + 652*q - 1321*q + 13*q**2. Let v be b(6). What is the greatest common divisor of 39 and v?
13
Let x be (-419)/(-2) - 110/(-220). Calculate the greatest common divisor of 12600 and x.
210
Suppose -87915 = -9*l + 1292 + 61426. What is the greatest common factor of 21 and l?
21
Let k(z) = -z**2 - 7*z + 12. Let h be k(-8). Suppose -29 = -h*m + 39. Let b = -620 + 671. Calculate the highest common divisor of b and m.
17
Suppose 1261 = 4*p - 5*u, 16*p - 24*p = -4*u - 2540. Calculate the highest common factor of 99 and p.
11
Let k = 2356 - 1099. Let w = -735 + k. What is the greatest common factor of 116 and w?
58
Let m be (-11)/((-231)/90)*2/(10/945). Calculate the greatest common divisor of m and 60.
30
Suppose 291*y - 9934 - 55103 = -8292. What is the highest common divisor of 420 and y?
15
Let q(a) = -a**3 - 19*a**2 + 7*a + 20. Let v be q(-20). Let c be (-5 - v/(-32))/(3/8). What is the highest common divisor of 18 and c?
2
Let l be ((-1)/1 + -1)*2255/44*-2. Calculate the greatest common divisor of 240 and l.
5
Let w be ((-10 - -7) + 2)*(1 - -8). Let z = -138 - -73. Let v = w - z. Calculate the highest common factor of v and 8.
8
Let q be 1 + (-99)/9 - -286. Calculate the highest common divisor of q and 24.
12
Let j(v) = 125*v - 1. Let b be j(1). Let c = b + -72. Let p be (-54)/675 - -326*(-4)/(-50). What is the greatest common factor of p and c?
26
Suppose 0 = 2*r - v - 17, -3*v - 3 = 2*r - 0. Let b be 29 - (r + 5 + -6). Let s be ((-33)/(-22))/((-2)/(-48)). What is the greatest common factor of b and s?
12
Let d(o) be the second derivative of 11/6*o**3 + 20*o - 7/6*o**4 + 0 + 1/10*o**5 + 13/2*o**2. Let g be d(6). Calculate the highest common divisor of 63 and g.
7
Suppose 668*i + 4200 = 673*i. Calculate the greatest common divisor of i and 300.
60
Let c be (-19)/(-4) - (-12)/(-16). Suppose -c*h + 4 = -3*h. Calculate the highest common divisor of 32 and h.
4
Let j(a) = 111*a + 13. Let o be j(0). Suppose 0*f + 2*s = -f - 1632, -3*f + 3*s - 4932 = 0. Let z be 3/4 - f/32. What is the highest common divisor of o and z?
13
Let h be (-4 - 20/(-6))*201. Let b = -358 - h. Let j be ((-32)/14 - -2) + (-736)/b. What is the highest common divisor of j and 2?
1
Let z(c) = -19*c**2 + 113*c**2 - 1 + 12*c**2 + 100*c**2 - c. Let k be z(-1). Let r = 401 - k. Calculate the highest common factor of r and 78.
39
Let i = -1478 + 1533. Calculate the greatest common divisor of 155 and i.
5
Let n be (-3)/9*-3 + 32/8. Suppose n*h = -d + 2302, 3*h - 3*d = 6*h - 1386. What is the greatest common factor of h and 46?
46
Let j = 338 - 302. Let i be 634/(5 - 3) + 7. Calculate the highest common divisor of i and j.
36
Let f(t) = -172*t + 9. Let g(s) = -s. Let o(x) = f(x) - 6*g(x). Let w be o(-2). Calculate the greatest common factor of w and 11.
11
Suppose 65375 = -378*g + 169325. Calculate the greatest common factor of g and 1150.
25
Let n be 4 - 1029004/(-30) - -12*9/(-810). What is the highest common factor of 67 and n?
67
Let d(n) = 2*n**2 + 6*n - 3. Let r be d(-6). Let l(i) = -49*i - 17. Let j be l(-6). Let b = j - 145. Calculate the highest common factor of r and b.
33
Let v(t) = -t**2 + 82*t - 690. Let i be v(70). Let s(n) = 5*n**2 + n - 2. Let m be s(2). What is the greatest common factor of m and i?
10
Suppose -371*y + 133*y + 631680 = 146*y. Calculate the greatest common divisor of y and 15.
5
Suppose -4*q - 7*t + 263433 = -6*t, -4*q + 263426 = 2*t. Calculate the highest common factor of 370 and q.
370
Suppose -50*q - 3509 + 1945 + 10414 = 0. Calculate the highest common divisor of q and 9.
3
Let o be (4*-1)/(5694/(-210) - -27). What is the greatest common divisor of 1055 and o?
5
Let n = -13745 - -37136. Calculate the highest common divisor of n and 23.
23
Let r be 1*-2*(-111)/(-12)*2. Suppose -b + 2*b - 41 = 0. Let x = r + b. Calculate the greatest common divisor of x and 12.
4
Suppose -3*d + 4950 = 56*d - 4*d. Calculate the highest common factor of d and 70.
10
Let p be 112/(-616) - 117022/(-22). Calculate the greatest common factor of 27 and p.
27
Let d be ((-136)/238)/(4/(-154) - 0). Suppose -76 = d*f - 450. Calculate the highest common divisor of f and 17.
17
Let y(o) = -12*o**2 - 2*o + 3. Let s be y(3). Let i = s + 135. Let d = 84 + i. What is the highest common divisor of 27 and d?
27
Let a = 116 - 104. Let d(y) = y**2 - 7 + 6 + 14*y - a - 9. Let h be d(7). Calculate the highest common divisor of 50 and h.
25
Let i(y) = -y**2 - 42*y + 408. Let l be i(8). What is the highest common factor of 162 and l?
2
Let i = -8911 + 9659. Calculate the greatest common factor of i and 935.
187
Suppose -17*v - 4*q = -20*v + 7113, -2*v - q = -4764. What is the highest common factor of 117 and v?
39
Suppose 6 = -2*z, 7*f - 10*f + 5*z + 24 = 0. Suppose 0 = -f*u - u + 4*t + 308, 2*u + 5*t = 119. What is the greatest common divisor of 504 and u?
72
Suppose 1559*r + 60010 = 1576*r. Calculate the greatest common divisor of 30 and r.
10
Suppose 0 = 7*u - 561 - 279. Let n = 59 - -4. Let c = -15 + n. Calculate the greatest common divisor of u and c.
24
Let m be -1 + 0 + 1259 + (22 - 6). What is the greatest common divisor of 2646 and m?
98
Let w be 30/(-1 + 2) + (12 - 2) - -4. Suppose 4*z = -5*o + 110, -2*o - z - 66 = -5*o. What is the highest common factor of w and o?
22
Let w = -15897 + 16812. What is the greatest common factor of 183 and w?
183
Let d be (-5 + (14/4 - -2))/(7/154). What is the highest common factor of d and 352?
11
Suppose 0*m + 59 = 2*g + 5*m, 5*g - 5*m - 165 = 0. Let u = -28 + g. Suppose 2*l + 24 = 4*w, u*w - 3*w - 6 = 3*l. What is the highest common divisor of 6 and w?
6
Let b(t) = -2965*t + 9530. Let x be b(3). What is the highest common factor of x and 889?
127
Suppose 104 = 10*f + 24. Suppose 16*v = -f*v + 1296. Calculate the greatest common divisor of v and 108.
54
Suppose 24*c = 804 + 444. Calculate the greatest common factor of 5668 and c.
52
Let p be (-4)/10 + (0 - (-136)/40). Let z be 18/p + -24 + 25. What is the greatest common divisor of 224 and z?
7
Let p(y) = 17*y**2 - 1. Let r be p(-3). Suppose -307*d = -306*d - 2*l + 2, -5*d + 2*l = -14. What is the highest common divisor of r and d?
4
Let p(l) = -l**2 - 23*l - 6. Suppose -45 = -5*y + 120. Suppose -123 = 5*b - y. Let k be p(b). Calculate the greatest common divisor of k and 12.
12
Let c(l) = 0 + 2*l + 1 - 4 - 3